3688013 a prime number?
False
Is 20604539 prime?
True
Is 51251419 a composite number?
False
Is 114198167 prime?
False
Is 7796473 a prime number?
False
Is 70674419 a composite number?
False
Is 170282093 a composite number?
False
Is 9199923 composite?
True
Is 19905761 a prime number?
True
Is 18697901 composite?
False
Is 1783217 prime?
False
Is 8921537 composite?
True
Is 435608917 prime?
True
Is 65992463 a prime number?
False
Is 10602821 prime?
True
Is 98621 a prime number?
True
Is 19899883 prime?
False
Is 4201397 a prime number?
False
Is 744637 a prime number?
True
Is 4064603 a prime number?
True
Is 203702839 a composite number?
True
Is 26808517 composite?
False
Is 2164137 a composite number?
True
Is 12886097 prime?
False
Is 263830067 composite?
True
Is 7836761 a composite number?
False
Is 7372481 composite?
False
Is 16863293 composite?
False
Is 101897413 a prime number?
True
Is 1535243 a prime number?
True
Is 336603359 a composite number?
True
Is 3453157 a composite number?
True
Is 109423 prime?
True
Is 73776761 composite?
True
Is 237565 a composite number?
True
Is 3826271 a composite number?
True
Is 859733 a composite number?
True
Is 17672881 composite?
True
Is 218871421 prime?
True
Is 4139741 a prime number?
True
Is 24971537 composite?
True
Is 245109731 a composite number?
False
Is 37282031 composite?
False
Is 14602691 prime?
True
Is 7673431 composite?
False
Is 77457353 prime?
False
Is 18098749 a composite number?
True
Is 155350837 prime?
False
Is 10008643 prime?
True
Is 18493003 composite?
True
Is 5510774 prime?
False
Is 24949623 prime?
False
Is 212254411 a composite number?
True
Is 25776127 prime?
False
Is 6584801 prime?
False
Is 416777 composite?
True
Is 707144387 a prime number?
True
Is 207656783 a prime number?
False
Is 1230673 a composite number?
True
Is 13549651 a composite number?
False
Is 11920643 composite?
True
Is 26133686 composite?
True
Is 485267 prime?
False
Is 62413259 prime?
False
Is 79946123 composite?
False
Is 3821263 a prime number?
True
Is 6509407 a prime number?
False
Is 39957059 a prime number?
False
Is 2450453 a composite number?
False
Is 1026254159 composite?
True
Is 36163139 a prime number?
True
Is 2699743 a prime number?
True
Is 117343834 composite?
True
Is 90421 a composite number?
True
Is 8549243 a prime number?
True
Is 21893747 prime?
True
Is 3726991 a prime number?
True
Is 509273 composite?
True
Is 65387507 a prime number?
True
Is 6887047 a prime number?
False
Is 118016251 composite?
False
Is 1317059 composite?
False
Is 86532202 a prime number?
False
Is 6508699 composite?
False
Is 19759471 a composite number?
False
Is 59502269 prime?
True
Is 22927859 a composite number?
False
Is 6067879 prime?
False
Is 7273759 a prime number?
True
Is 4589345 a composite number?
True
Is 8101181 prime?
False
Is 257922499 a composite number?
False
Is 30956006 prime?
False
Is 121972267 a composite number?
True
Is 1536373 prime?
True
Is 6245441 a composite number?
True
Is 7382014 a composite number?
True
Is 306897839 a prime number?
True
Is 109978187 prime?
False
Is 25153043 prime?
False
Is 962735 prime?
False
Is 8747071 composite?
False
Is 6699683 a prime number?
False
Is 85820983 prime?
True
Is 14805451 a prime number?
False
Is 48483691 a composite number?
False
Is 1607357 a prime number?
True
Is 124398101 a prime number?
True
Is 10470055 prime?
False
Is 34434677 prime?
False
Is 366919877 composite?
True
Is 146970569 a prime number?
False
Is 35468255 a prime number?
False
Is 34328369 composite?
False
Is 106305763 composite?
False
Is 130241567 composite?
False
Is 12277637 a composite number?
True
Is 18592757 a prime number?
True
Is 28231817 a prime number?
True
Is 797735951 prime?
False
Is 11500321 a composite number?
True
Is 757291 prime?
True
Is 5589511 a prime number?
True
Is 1109881 composite?
False
Is 1879519 a composite number?
True
Is 8938491 prime?
False
Is 209611 prime?
False
Is 63901361 prime?
True
Is 14194091 a prime number?
False
Is 254423149 a prime number?
True
Is 617821 a prime number?
False
Is 415437787 prime?
True
Is 2932015 prime?
False
Is 84710687 a composite number?
False
Is 853687 a composite number?
False
Is 144858823 a composite number?
False
Is 6762871 prime?
True
Is 900797 a composite number?
False
Is 1385129 a composite number?
True
Is 179302027 a prime number?
True
Is 11869381 a prime number?
False
Is 23019961 a prime number?
False
Is 1394131 a prime number?
True
Is 82236283 prime?
False
Is 54127 composite?
True
Is 284781743 composite?
False
Is 9756701 a composite number?
True
Is 7658459 a composite number?
False
Is 515593937 prime?
False
Is 106163 a prime number?
True
Is 28836671 a prime number?
True
Is 5564453 a composite number?
False
Is 9772509 a composite number?
True
Is 934649 prime?
False
Is 86827291 prime?
False
Is 1092882953 a prime number?
True
Is 22106239 composite?
True
Is 9551869 composite?
True
Is 90530657 a composite number?
True
Is 460010111 composite?
True
Is 49592827 a composite number?
False
Is 2060909 a prime number?
True
Is 97233394 composite?
True
Is 715134961 a composite number?
False
Is 56090711 a prime number?
False
Is 2126365 prime?
False
Is 469668643 a prime number?
True
Is 130859 a composite number?
False
Is 2687237 a composite number?
True
Is 1572205 composite?
True
Is 125385649 a composite number?
False
Is 2019139 a composite number?
True
Is 4248869 prime?
True
Is 182086013 a composite number?
False
Is 1118339 composite?
False
Is 19788181 prime?
False
Is 424801679 a composite number?
False
Is 1128343 a prime number?
False
Is 396613423 composite?
False
Is 389766127 prime?
False
Is 1399071 composite?
True
Is 4559731 composite?
True
Is 136654373 a prime number?
True
Is 9227621 a prime number?
False
Is 7113947 a prime number?
False
Is 5458127 composite?
True
Is 2030741 a composite number?
True
Is 940871 prime?
True
Is 430361473 a prime number?
True
Is 3378757 a prime number?
True
Is 88648195 prime?
False
Is 75097601 a prime number?
True
Is 12049919 a prime number?
False
Is 16781183 a prime number?
True
Is 404037197 a composite number?
False
Is 70700837 a prime number?
True
Is 6254119 prime?
False
Is 18372383 a prime number?
True
Is 120290671 prime?
True
Is 3270461 composite?
False
Is 90046381 a composite number?
True
Is 23899217 composite?
False
Is 5165421 a composite number?
True
Is 538001 composite?
False
Is 1067263 composite?
False
Is 16233149 a prime number?
False
Is 154874219 composite?
True
Is 31028143 a prime number?
True
Is 2305207 composite?
True
Is 324871477 composite?
True
Is 2680727 a prime number?
False
Is 1541701 a composite number?
True
Is 1175853809 a prime number?
False
Is 79802959 a composite number?
True
Is 40280729 prime?
True
Is 648379 a composite number?
False
Is 170491 prime?
False
Is 208978259 a prime number?
False
Is 183851507 composite?
True
Is 165655249 a prime number?
True
Is 72959329 composite?
True
Is 4766953 a composite number?
True
Is 6722537 composite?
False
Is 380193837 a prime number?
False
Is 121018003 composite?
False
Is 254369 a prime number?
True
Is 34326271 a composite number?
True
Is 334391 prime?
False
Is 214195 a composite number?
True
Is 12802603 composite?
True
Is 83854919 a prime number?
True
Is 474228943 composite?
True
Is 6436299 a composite number?
True
Is 407976739 prime?
True
Is 5962331 a composite number?
False
Is 498463 composite?
True
Is 40731 a composite number?
True
Is 10100501 a prime number?
True
Is 22677069 prime?
False
Is 514257031 composite?
False
Is 303347869 composite?
True
Is 1098519 composite?
True
Is 29471969 prime?
False
Is 2814449 composite?
True
Is 1112627 prime?
False
Is 48757846 a prime number?
False
Is 1279771 a prime number?
False
Is 5995277 composite?
False
Is 3094313 prime?
False
Is 11675111 a composite number?
True
Is 51897809 prime?
False
Is 6709583 a composite number?
True
Is 10584419 a composite number?
True
Is 11388863 a composite number?
False
Is 29109827 a prime number?
True
Is 12451477 a prime number?
True
Is 18210413 prime?
False
Is 56543261 a prime number?
True
Is 428001547 a prime number?
True
Is 13510165 composite?
True
Is 4516609 prime?
False
Is 28799369 a composite number?
True
Is 72681299 a composite number?
True
Is 955015793 composite?
True
Is 1048549 prime?
True
Is 62326111 a composite 